 3))) + -3.
-1
What is -12 - (-8 + -1 + -3)?
0
Calculate -9 - (-14 + 7 + 4).
-6
(-9 - -4) + 4 - 1
-2
What is the value of 5 - (5 - 4 - 1)?
5
Evaluate 3 + -8 + (5 - 4).
-4
What is (-2 - -4) + (-70 - -63)?
-5
What is the value of -7 + 9 + -2 + (-2 - -1)?
-1
0 + 4 + (-2 - 2) + 6
6
What is the value of 8 - (4 + 7 + -5)?
2
1 + -5 + (29 - 24)
1
What is the value of 1 - 1 - (-79 + 73)?
6
What is (5 + -2 - 8) + -3 + 4?
-4
4 - -4 - (10 - 8)
6
Evaluate (0 - -1) + -27 + -1 + 19.
-8
What is the value of -7 + 6 - 3 - (-4 - -6)?
-6
What is -18 + 19 + 2 + -9 - -1?
-5
Evaluate 2 + -1 + (5 - (1 + 1)).
4
4 - (5 - (5 - 9))
-5
Calculate (0 - -1) + (-2 - 2) - -7.
4
Evaluate (-2 - -1) + -3 - (-14 + 11).
-1
Calculate -7 - 0 - 0 - -9.
2
Calculate 8 + (5 - 2 - 6).
5
What is 2 - (5 - 0 - 1)?
-2
6 - 1 - (-18 - -24)
-1
Evaluate 3 - 2 - (-22 + 24).
-1
Evaluate -4 - (9 - (13 - 1)).
-1
Evaluate -2 + (17 - 9) + -7.
-1
What is -13 + (-2 - -8) - -7?
0
What is 7 + -3 - 3 - 1?
0
What is -7 - (1 - 6 - 0 - -2)?
-4
What is the value of 0 + -1 + 0 + 3?
2
What is the value of -1 + 2 - (-20 + 25) - 1?
-5
Evaluate (-13 - -20) + (2 - 9).
0
Evaluate 1 + 4 + -1 - (5 - 1).
0
-7 + 15 + -5 + 2 + -2
3
What is 8 + -7 + 6 - 9?
-2
Evaluate 0 + (0 - 1 - -3) + 2.
4
What is 1 + (-3 - 3) - (-9 + 2)?
2
Evaluate 0 + -4 + -3 - -11.
4
Calculate (3 - 2) + 1 + -1 + -1.
0
What is the value of (14 - 9) + -8 + 0?
-3
(4 - 1 - 4) + 0
-1
Calculate 2 + (-13 - (-14 + 7)).
-4
Calculate (8 + -4 - 9) + 9.
4
Evaluate -4 + -2 - (-13 + 5).
2
What is the value of (4 - 0) + (59 - 63) - -1?
1
What is 7 + -4 + 1 + 0 + 0?
4
What is the value of -3 + (-9 - -12) - -5?
5
What is the value of 3 - -1 - (-54 - -59)?
-1
Evaluate 14 + -8 - (2 - -9).
-5
What is the value of -4 - (-18 + 7 - -6) - -3?
4
6 + 0 + 0 + -2
4
Evaluate 0 + -4 + (13 - 13).
-4
-1 + 4 + -2 - (0 - 1)
2
Evaluate -2 - (1 + (8 - 9)).
-2
What is 8 + (-1 - 0) - 5?
2
(-1 - 2) + (-38 - -40)
-1
1 + -1 - (0 - (3 - 7))
-4
-1 - (0 - 2 - (-6 - -7))
2
What is -1 + (-3 - (6 - 5)) - 1?
-6
0 + -2 + 12 + -12 + -2
-4
-11 - -1 - (169 - 175)
-4
Evaluate 21 + -15 + -6 - (3 - 1).
-2
-10 - (3 - 5 - 3)
-5
What is the value of -10 - (-2 - (-6 - -9))?
-5
-7 - (6 - (5 - 4 - -6))
-6
Calculate (6 - 7) + -1 + 6.
4
What is the value of 1 + 2 - 2 - (6 - 3)?
-2
What is the value of ((2 - -2) + -3 - -8) + -2?
7
-12 + 5 - -11 - 0
4
Calculate 1 + (7 + -20 - -8).
-4
Calculate 1 + -1 + 5 + -6.
-1
Evaluate 7 + -9 + (5 - 7).
-4
Evaluate -10 - -3 - (-3 - (2 + -3)).
-5
Calculate (3 - (5 + -1)) + (-1 - -4).
2
8 - 5 - -1 - (1 + 2)
1
(-3 - 1) + (-7 - (-20 + 10))
-1
Evaluate -4 + -1 - -4 - -2.
1
What is the value of 2 - -1 - (2 + 1 + -4)?
4
Calculate 9 + -3 - 3 - (7 + -8).
4
Calculate -6 + 2 + -4 + 4 + 2.
-2
Calculate (3 - -3) + (9 - 9).
6
Calculate -2 + 2 + -2 + 0 - 1.
-3
Evaluate (1 - 4) + (4 - 3) + 2.
0
Evaluate 1 + -3 - (-7 + 0 + 4).
1
Evaluate 3 + (-7 + 2 - 1).
-3
Calculate 3 - ((-6 - -3) + 4).
2
(-9 - -4) + (9 - 3)
1
(11 + (1 - 4) - 3) + -1
4
What is the value of (4 - (5 + -6)) + -2?
3
Evaluate 7 + -5 + (-1 - -2) + 1.
4
Calculate 0 - (-2 - (4 - 2)).
4
What is -12 - -3 - (0 - 8)?
-1
Calculate (4 + -2 - 1) + -1 + -3.
-3
What is the value of 5 + 0 + -4 - 4?
-3
Evaluate -4 - -7 - (-3 + 2 + 1).
3
(-1 - 3) + (12 - 10) + -1
-3
Calculate -41 - -45 - (-3 + 1) - 7.
-1
Evaluate (3 - (-1 - -1)) + -36 + 34.
1
Calculate 1 - (0 - (6 + -8)).
-1
Evaluate 5 + (0 + -5 - 1).
-1
Calculate (7 - 10 - -8) + -10.
-5
What is 0 + -2 + (-5 - -3) - -1?
-3
Evaluate -1 + (-3 - 0 - -4).
0
What is the value of (1 + 5 - 4) + (-1 - 4)?
-3
Calculate 1 + 0 - -3 - (-27 + 28).
3
Evaluate -1 + (4 - -1) + -6 + -1.
-3
What is (-6 + 3 - (4 + -10)) + -7?
-4
What is the value of 1 - (10 + -7 - 1)?
-1
What is -1 + (-8 + 8 - (3 - 0))?
-4
2 + (-4 - (-2 - -4))
-4
Calculate 8 + -4 + 4 + (-1 - 4).
3
What is -15 - 1 - -3 - (-15 + 8)?
-6
What is the value of -2 + (6 - (1 + 5 + -6))?
4
Evaluate 3 + 5 + -4 - 4.
0
What is -7 - -12 - (-5 - -7)?
3
(-1 - 5) + 27 + -13
8
Calculate -5 - (2 + -3 + 3 + -4).
-3
Calculate 3 + (-1 + -1 - -3).
4
-2 - (-4 - (-3 - 5) - 4)
-2
Evaluate 1 + 5 - (10 + -4).
0
Evaluate (1 - -1) + -1 + 4 + -1.
4
Calculate (-5 - -4) + (-2 - (2 + -1)).
-4
What is the value of 2 - (-4 - (-4 - 2))?
0
What is the value of (-12 - (10 + -31)) + 1 + -5?
5
What is the value of -5 - ((-1 - -7) + (-15 - -8))?
-4
What is the value of 12 + -2 + -7 + (2 - 4)?
1
What is (0 - 2) + 4 + 3 + -1?
4
Calculate 9 + -18 + 17 - (5 - 1).
4
Evaluate 3 - (-6 + (-7 - -18)).
-2
What is the value of -15 + -10 + 12 + 9?
-4
Evaluate -8 - -4 - (0 - (-3 - -4)).
-3
(-89 - -92) + 1 + -15
-11
Calculate -2 + -13 + 17 - (-3 + 0).
5
What is the value of 9 - ((5 - -3) + -9)?
10
Evaluate (-3 - (-7 + 5) - -2) + -4.
-3
1 + -4 + -1 + (-6 - -11)
1
7 + (5 - 3 - 1) + -3
5
What is the value of -2 + 1 + 0 + 2?
1
Evaluate -5 + -2 + (0 - -2) + 1.
-4
3 - (2 - 3) - 1
3
What is (-1 - -2) + -5 + 2 + -1?
-3
0 + 2 + -1 + 2 + -5
-2
What is 10 + -4 + -3 + 2?
5
12 - 8 - (-2 + 6 + -7)
7
Calculate -3 + 2 + (1 - 0 - -1).
1
(-4 + -1 + 4 - -2) + -2
-1
Evaluate -5 + (-1 - (-5 - 1)) + -2.
-2
Calculate 6 - (0 + 5 + -1).
2
4 + -11 + 15 + -8
0
What is (30 - 26) + -6 + 1?
-1
Evaluate 12 - 12 - (-1 + -4).
5
What is (-1 - (1 + -1)) + -6 + 7?
0
Evaluate 9 + -7 + -2 + 1 + -5.
-4
-11 + 8 - (0 - 5)
2
What is (2 - (4 + -3)) + -1 + -2?
-2
Calculate 1 + (2 - 0 - (-68 + 65)).
6
0 - 0 - 3 - (-51 + 50)
-2
-5 + (3 - 2) + 4
0
-17 + 11 + 2 + 1
-3
Calculate -4 + (-2 + 2 - 0) - -4.
0
-2 + -4 + (20 - 12)
2
Calculate 6 - (-2 - -7 - 2).
3
Evaluate -2 + (-1 - -2) + (-5 - -5).
-1
Calculate 4 - (10 - 6) - 5.
-5
-1 + 15 + 8 - 13
9
What is -3 + 4 + -2 + (-7 - -5)?
-3
Evaluate -5 + 6 + (-1 - 4).
-4
What is the value of 4 - 10 - (-11 - -1)?
4
Calculate -5 + (-5 - -3) - -13.
6
Calculate 5 + -1 + 1 + 2.
7
-5 + -4 + 7 - -7
5
What is 116 - 110 - (3 - 1)?
4
(1 - 4) + -1 + (6 - -1)
3
-5 - -1 - -6 - 6
-4
Evaluate -4 + (4 - 3) + 3.
0
1 + -2 + (0 - -1)
0
What is 2 + (3 - (3 + 3)) + -5?
-6
Calculate -5 - (-5 - -1 - 1).
0
Calculate 28 + (-3 - 7) + -9.
9
What is 1 + (1 - -1 - 3)?
0
What is the value of 3 - 3 - (2 + -5 + 5)?
-2
What is the value of -2 + -1 - ((2 - 8) + 2)?
1
Evaluate 4 + -11 + 4 + -3.
-6
Calculate -14 + 14 + -1 + -6.
-7
What is the value of 5 - (2 + -3 - -6)?
0
Evaluate -6 + -5 + 4 + 3.
-4
What is the value of 2 + 5 - (-3 + 0) - 5?
5
Evaluate -10 + (-10 - -22) + 1.
3
-5 - (8 + -4) - -7
-2
Calculate -4 + (3 - (-6 - -14)) + 4.
-5
-6 + 7 + 4 + 1
6
Evaluate -7 - (-4 - 2) - (0 + -1).
0
What is the value of -6 + 10 - ((18 - 5) + -2)?
-7
Evaluate -2 + 1 - (19 - (11 + 2)).
-7
Evaluate 2 + (-2 - -10) - 5.
5
What is the value of (3 + -4 - 2) + 9 + -4?
2
Evaluate -3 - (1 - 0 - 1 - -2).
-5
Calculate 6 + (-1 - (-1 - 0)) + -11.
-5
Evaluate 2 - (-1 + 4 + -3 - -1).
1
Calculate (-2 - 3) + 7 - (1 - 6).
7
Calculate 1 + -4 + -11 + -3 + 11.
-6
-1 + 6 + -2 + -7
-4
What is the value of -7 + 21 + -3 + -4?
7
-3 - (-2 - -2 - (-2 + 6))
1
What is the value of -6 + (-10 - -5) - -14?
3
What is (-21 - (9 + -21)) + 10?
1
Evaluate -3 + (4 + -1 - -1) + -2.
-1
What is the value of 1 - 1 - (-8 + (3 - -6))?
-1
What is -50 + 53 + (1 - 1 - 0)?
3
0 + 6 + -44 + 34 + 13
9
-3 - -14 - (13 - 4)
2
What is -2 + 2 - (4 + (1 - -1))?
-6
What is 1 - ((-3 + 4 - 0) + -1)?
1
Calculate -43 + 37 - (-2 - -2 - 5).
-1
What is 0 - (-6 + (-8 - -10))?
4
5 + -7 + -2 + 6
2
Evaluate (5 - (1 - 2)) + -103 + 102.
5
What is 2 + -2 + -11 + 11?
0
0 + 7 + -6 + -4
-3
Calculate -4 - ((5 - 6) + -1).
-2
Evaluate 3 + (2 - (-4 - -3)) + -8.
-2
Evaluate (1 - -1) + 3 + (-5 - 1).
-1
(1 - 3) + 0 + 0
-2
What is -2 - (-4 + 4 + 1)?
-3
(3 - (2 - (4 - 3))) + 3
5
Calculate 13 - (8 + (9 - 13)).
9
What is 2 - (0 - (-2 - 1))?
-1
What is the value of 1 + (0 - (3 + -5))?
3
-1 + 1 - (-1 + 3 + 0)
-2
What is the value of -4 - (6 - 6) - -2 - -3?
1
0 + (1 - 6 - 0)
-5
-3 + 6 - (7 - 2 - 2)
0
Evaluate (10 - 4 - 15) + 1.
-8
What is the value of 0 + (-1 - 2) - (3 + -2)?
-4
(3 - (-3 - -3) - 0) + -2
1
Calculate -10 - (-10 + 9 + -12).
3
(15 - (7 + 1)) + -2
5
What is the value of (0 - (-4 + -6)) + -8 + 2?
4
What is 2 - ((5 - -1) + 0)?
-4
Calculate -10 + (11 - (4 + -5)).
2
3 - (-3 - -7 - (7 + -5))
1
Evaluate (-4 - (-1 - 6)) + (2 - 9).
-4
Evaluate (0 + 10 - 10) + -2 + 1.
-1
What is the value of 3 + (-2 - 1 - 2) + -3?
-5
What is 5 + (-7 - -